 is divided by o?
5
Let c(h) = 3*h**2 + h + 2. Let x = -7 - -9. Let w(n) = 4*n**2 - 4*n - 1. What is the remainder when w(-3) is divided by c(x)?
15
Let c(g) = g**2 + 10*g - 21. What is the remainder when c(-14) is divided by 25?
10
Suppose s - 4*s + 169 = 5*w, -2*s - 144 = -4*w. Calculate the remainder when w is divided by ((-81)/15)/(-3)*5.
8
Let l = 3 + 0. Suppose 3*t + l*c - 27 = 0, t = 5*t + 5*c - 35. Let d(k) = 4*k**2 + 3. Calculate the remainder when d(-3) is divided by t.
9
What is the remainder when 103/3 - 9/27 is divided by 5?
4
Let o = 11 + -16. Let z = o - -10. Suppose 5*d - 77 = -2*w, w - z*w = -5*d - 169. Calculate the remainder when w is divided by 14.
13
Suppose -51 = 5*j - 166. Suppose z + 5 = -3*x + j, 0 = 3*z + 4*x - 39. Calculate the remainder when 33 is divided by z.
6
Let o(s) = -s**2 - 3*s + 3. Let m be o(-4). Suppose 3*x = 2*x - 4. Let p = m - x. What is the remainder when 4 is divided by p?
1
Let v(r) = r**2 - r - 4. Calculate the remainder when 30 is divided by v(-3).
6
Let q = 5 - -5. What is the remainder when q is divided by 3?
1
Let f(l) = -l**2 - 28*l - 29. What is the remainder when f(-24) is divided by 36?
31
Suppose -4*t = -3*s - 40, 0 = -4*t - 3*s + 16. Let d(r) = -r**3 + 5*r**2 + 3*r + 5. What is the remainder when d(5) is divided by t?
6
Let b(i) = -i**2 + i + 5. Let g be b(0). Suppose 3*p - g*o + 21 = 118, 5*o = -4*p + 106. What is the remainder when p is divided by (3/(-2))/(2/(-20))?
14
Let c = 74 + -64. What is the remainder when 28 is divided by c?
8
Let d(v) = -2*v - 2. Let x = -40 - -67. Calculate the remainder when x is divided by d(-6).
7
Let o be (-63)/(-4) - (-3)/12. Suppose -n + o = n. What is the remainder when 14 is divided by n?
6
Suppose 0 = 5*r + 5*t - 25, -6*r = -r - t - 19. What is the remainder when 8 is divided by r?
0
Suppose 2*x - 5*v = -2 - 8, -4*x - 5*v = -40. Let u = x - -1. Let p = 0 + u. What is the remainder when 23 is divided by p?
5
Suppose 3*l = -4*m - 0*l + 32, 4*l = 2*m - 16. Suppose -1 + m = q. Calculate the remainder when 20 is divided by q.
6
Suppose 4*x - 5 - 19 = 0. What is the remainder when x is divided by 4?
2
Let b = -10 + 14. Suppose -2*u + 28 = -4*r, 5*u + 4*r = b*u + 26. What is the remainder when 52 is divided by u?
16
Let n = 204 + -94. What is the remainder when 21 is divided by n/9 + (-4)/18?
9
Let c(s) = -13*s. Let o be c(-3). Suppose 5*q = p, 6*p - o = 4*p - 3*q. What is the remainder when 4/1 + -2 + 41 is divided by p?
13
Let r = -6 - -11. Let s = r - -25. What is the remainder when 117 is divided by s?
27
Suppose -49 - 179 = -4*k. Calculate the remainder when k is divided by 15.
12
Let n(g) = -g + 5. Let d be n(4). What is the remainder when (96/9 + d)*3 is divided by (-3)/(-2)*1*8?
11
Suppose q + 13 = 95. Suppose -3*v = 4*b + 2*v - 152, -2*b - 4*v = -q. Suppose -27 = -4*s + b. What is the remainder when 43 is divided by s?
13
Let o(t) = -3*t + 2. Suppose -3*w = -56 - 19. Calculate the remainder when w is divided by o(-4).
11
Let a(i) = -3*i - 1. Let x(z) = z - 1. Let u(f) = -a(f) - 5*x(f). Let y be u(7). Let g(m) = m + 16. What is the remainder when 22 is divided by g(y)?
6
Let l = 15 - -52. What is the remainder when l is divided by 14?
11
Let d(g) = -5*g + 1. Suppose -4*y - 8 = -p, -3*p + 1 = -3*y - 5. Calculate the remainder when d(y) is divided by 7.
4
Let c = 93 - 44. Suppose 2*u + 3*d - 67 = 0, -5*d + 16 + c = 2*u. What is the remainder when u is divided by 12?
11
Let r(u) = -u - 1. Let o be r(-1). Suppose o = 3*z - 5*z + 30. What is the remainder when 57 is divided by z?
12
Let z be (1/3)/(3/(-18)). Calculate the remainder when 29 is divided by ((-5)/z)/(3/18).
14
Suppose -3 - 2 = -j. Let o = 20 - j. What is the remainder when 86*1*(-8)/(-16) is divided by o?
13
Suppose b + 7 + 4 = 5*c, -3*b + c = -9. Suppose 5*a + 50 = 5*n, 0*n - b*a - 30 = -3*n. Calculate the remainder when 16 is divided by (-5)/(-2)*24/n.
4
Suppose -4*i = -l - 3*i + 20, 0 = 3*l - 4*i - 65. Suppose -39*y + 31*y + 72 = 0. What is the remainder when l is divided by y?
6
Suppose -32*b + 29*b = -162. Calculate the remainder when b is divided by 28.
26
Let x(j) = 10*j**2 + j. What is the remainder when x(-3) is divided by 30?
27
Let g be -3 - (-1 - -2)*-7. Suppose -g*b + 4 = 0, -3*h + 3*b = -b - 2. Calculate the remainder when 5 is divided by h.
1
Let f(v) = -6*v + 1. Let w be f(2). Let k = -7 - w. Suppose p - 31 = 5*d, k*p - 70 = -0*p + 2*d. Calculate the remainder when 30 is divided by p.
14
Let q be 12/(-8)*(-8)/3. Suppose -s - q*f + 6 = -0*s, -3*f = s - 10. What is the remainder when 42 is divided by s?
20
Suppose 337 = 8*c - 23. Let p = -26 - -38. Calculate the remainder when c is divided by p.
9
Let j = -1 - -13. Suppose 2*h + j - 88 = 0. What is the remainder when h is divided by 8?
6
Suppose 5*b - 8 = 2. Suppose -3*o = 5*y - 2*o - 12, 3*o - b = 2*y. What is the remainder when 5 is divided by y?
1
Let x = -273 - -186. What is the remainder when 115 is divided by ((-2)/(-6))/((-1)/x)?
28
Let x = 4 - -1. Suppose -4*n = -6*n - 4*q + 26, -x*n - 3*q = -58. Calculate the remainder when n is divided by 6.
5
Let x = 2 + -5. Calculate the remainder when 16 is divided by ((-12)/((-6)/x))/(-1).
4
What is the remainder when 45 is divided by 1*(2 + 12 + 2)?
13
Let c(a) = a**2 - 10*a - 47. What is the remainder when 99 is divided by c(-5)?
15
Suppose 5*o - 9 = -c, -5*o + 2*c + 12 = -0*c. Suppose -o*w - 2*u + 18 = 3*u, -5*w = -2*u + 13. What is the remainder when 7 is divided by (w/(-2))/(2/20)?
2
Calculate the remainder when (15 + 2 - 3)*1 is divided by (8 - 8) + (-9)/(-1).
5
Suppose -3*y - 15 = 0, -2*h - 4*y = 2*h. Suppose h*x - 6 = 549. Calculate the remainder when x is divided by 28.
27
Suppose -21*q = -13*q - 328. What is the remainder when q is divided by 41?
0
Let g(y) = y**3 + 7*y**2 - 10*y + 3. Let a = 0 + 0. Suppose -2*r - 3*r - 5*x + 15 = a, -3*r - 2*x = -13. Calculate the remainder when g(-8) is divided by r.
5
Let j(m) = m + 12. Let b(q) = -q**2 - 8*q. Calculate the remainder when j(0) is divided by b(-7).
5
Suppose -3*j - 57 + 63 = 0. Suppose 0 = 6*r - 2*r - 8. What is the remainder when j is divided by r?
0
Calculate the remainder when 11 is divided by 2/(-7) - (-4)/28*51.
4
Suppose 3*m - 70 = 5*m. Let w be (1 - 3 - m)*3. Calculate the remainder when (-3)/(3 + w/(-32)) is divided by 11.
10
Suppose 2*w + 3*w - 10 = 0. Suppose 4*n = -w*p + 54, 19 = 2*n - p - 6. What is the remainder when 2/9 - 3/((-27)/340) is divided by n?
12
Let r = 14 + 0. Let a = 20 - r. What is the remainder when 15 is divided by a?
3
Let t be (-1)/(3 - (2 + 0)). Let b = 10 - 3. Calculate the remainder when 2*t + 0 + 21 is divided by b.
5
Suppose -5*y - 3*q = -14, q = -3*y + 2*q. What is the remainder when 3 is divided by y?
0
Suppose 4*h - h = -6. What is the remainder when (-8)/h + (-15)/5 is divided by 1?
0
Let d(b) = 3*b**3 - 2*b**2 + 2*b. Let s be d(2). Let h = s + -10. What is the remainder when h is divided by 4?
2
Suppose 5*l - 4*x - 5 - 13 = 0, 3*x + 16 = 5*l. Suppose 2*y - 10 - l = 0. What is the remainder when y is divided by 3?
0
Suppose -5*k + 62 = -18. Let p(t) = -t**2 + 15*t - 20. Let x be p(7). Suppose x = c - k. Calculate the remainder when c is divided by 18.
16
Let d = 54 + -11. Let a be (-4)/6 + 14/3. Suppose 5*n - 79 = -a. What is the remainder when d is divided by n?
13
Suppose 4*p = -g + 55, -4*g = 4*p - 2*g - 58. Calculate the remainder when 50 is divided by p.
11
Let y(f) = -22*f - 1. Let d(l) = 23*l + 1. Let w(j) = 2*d(j) + 3*y(j). Calculate the remainder when w(-1) is divided by 7/(28/40) + -3.
5
Let j(b) = -b**2 + 6*b + 5. Let c(w) = w**2 + 1. Let v be c(0). Let r = v - -5. Calculate the remainder when 8 is divided by j(r).
3
Suppose 0 = h - 21 + 18. Calculate the remainder when h is divided by 2.
1
Suppose -2*j + 13 = -15. Calculate the remainder when 55 is divided by j.
13
Calculate the remainder when 134 is divided by ((-868)/(-21) - -4) + (-4)/(-6).
42
Let g(y) = y**3 + 9*y**2 + 3*y - 10. Let u(t) = -t**3 - 3*t**2 + 6*t + 1. Let x be u(-4). Calculate the remainder when g(x) is divided by 17.
16
Suppose 191 = 3*d - 13. What is the remainder when d is divided by 24?
20
Suppose 2*i + w - 140 = -0*i, -5*i - 2*w + 351 = 0. What is the remainder when i is divided by 24?
23
L